{"id":13,"date":"2022-07-19T10:36:47","date_gmt":"2022-07-19T09:36:47","guid":{"rendered":"https:\/\/lacets-roses.ch\/?page_id=13"},"modified":"2024-08-05T12:52:27","modified_gmt":"2024-08-05T11:52:27","slug":"archiv","status":"publish","type":"page","link":"https:\/\/lacets-roses.ch\/?page_id=13","title":{"rendered":"Archiv"},"content":{"rendered":"\n<p><strong>Seit der allerersten Wanderung und Gr\u00fcndung von Les Lacets Roses am 26. Mai 1991 hat Heinz Rubin bis 2022 alle Wanderprogramme, Weekends, Reisen und sonst relevanten Dokumente gesammelt und fein s\u00e4uberlich nach Jahrg\u00e4ngen abgelegt. Dieser unermessliche Schatz an Informationen steht nun auch in digitaler Form allen Interessierten zur Verf\u00fcgung. Wer immer dieses Material auswerten m\u00f6chte ist gebeten, die Quelle zu deklarieren und die pers\u00f6nlichen Daten zu anonymisieren..<\/strong><\/p>\n\n\n\n<p><strong>Insgesamt hat Les Lacets Roses einen grossen Fundus an Wanderprogrammen. Sie k\u00f6nnen auch als Inspiration f\u00fcr eigene Projekte oder f\u00fcr zuk\u00fcnftige Wanderungen dienen.<\/strong><\/p>\n\n\n\n<figure class=\"wp-block-table\"><table><tbody><tr><td><a href=\"https:\/\/lacets-roses.ch\/wp-content\/uploads\/2024\/07\/1991-LaRo-Archiv16072024.pdf\">1991<\/a><\/td><td><a href=\"https:\/\/lacets-roses.ch\/wp-content\/uploads\/2024\/07\/1992a-LaRo-Archiv16072024.pdf\">1992a<\/a> +<a href=\"https:\/\/lacets-roses.ch\/wp-content\/uploads\/2024\/07\/1992b-LaRo-Archiv16072024.pdf\">b<\/a><\/td><td><a href=\"https:\/\/lacets-roses.ch\/wp-content\/uploads\/2024\/07\/1993-LaRo-Archiv16072024.pdf\">1993<\/a><\/td><td><a href=\"https:\/\/lacets-roses.ch\/wp-content\/uploads\/2024\/07\/1994a-LaRo-Archiv16072024.pdf\">1994a <\/a>+<a href=\"https:\/\/lacets-roses.ch\/wp-content\/uploads\/2024\/07\/1994b-LaRo-Archiv16072024.pdf\">b<\/a><\/td><td><a href=\"https:\/\/lacets-roses.ch\/wp-content\/uploads\/2024\/07\/1995a-LaRo-Archiv16072024.pdf\">1995a <\/a>+<a href=\"https:\/\/lacets-roses.ch\/wp-content\/uploads\/2024\/07\/1995b-LaRo-Archiv16072024.pdf\">b<\/a><\/td><\/tr><tr><td><a href=\"https:\/\/lacets-roses.ch\/wp-content\/uploads\/2024\/07\/1996a-LaRo-Archiv16072024.pdf\">1996a <\/a>+<a href=\"https:\/\/lacets-roses.ch\/wp-content\/uploads\/2024\/07\/1996b-LaRo-Archiv16072024.pdf\">b<\/a><\/td><td><a href=\"https:\/\/lacets-roses.ch\/wp-content\/uploads\/2024\/07\/1997-LaRo-Archiv16072024.pdf\">1997<\/a><\/td><td><a href=\"https:\/\/lacets-roses.ch\/wp-content\/uploads\/2024\/07\/1998a-LaRo-Archiv16072024.pdf\">1998a <\/a>+<a href=\"https:\/\/lacets-roses.ch\/wp-content\/uploads\/2024\/07\/1998b-LaRo-Archiv16072024.pdf\">b<\/a><\/td><td><a href=\"https:\/\/lacets-roses.ch\/wp-content\/uploads\/2024\/07\/1999a-LaRo-Archiv16072024.pdf\">1999a <\/a>+<a href=\"https:\/\/lacets-roses.ch\/wp-content\/uploads\/2024\/07\/1999b-LaRo-Archiv16072024.pdf\">b<\/a><\/td><td><a href=\"https:\/\/lacets-roses.ch\/wp-content\/uploads\/2024\/07\/2000-LaRo-Archiv16072024.pdf\">2000<\/a><\/td><\/tr><tr><td><a href=\"https:\/\/lacets-roses.ch\/wp-content\/uploads\/2024\/07\/2001-LaRo-Archiv16072024.pdf\">2001<\/a><\/td><td><a href=\"https:\/\/lacets-roses.ch\/wp-content\/uploads\/2024\/07\/2002-LaRo-Archiv16072024.pdf\">2002<\/a><\/td><td><a href=\"https:\/\/lacets-roses.ch\/wp-content\/uploads\/2024\/07\/2003-LaRo-Archiv16072024.pdf\">2003<\/a><\/td><td><a href=\"https:\/\/lacets-roses.ch\/wp-content\/uploads\/2024\/07\/2004-LaRo-Archiv16072024.pdf\">2004<\/a><\/td><td><a href=\"https:\/\/lacets-roses.ch\/wp-content\/uploads\/2024\/07\/2005-LaRo-Archiv16072024.pdf\">2005<\/a><\/td><\/tr><tr><td><a href=\"https:\/\/lacets-roses.ch\/wp-content\/uploads\/2024\/07\/2006-LaRo-Archiv16072024.pdf\">2006<\/a><\/td><td><a href=\"https:\/\/lacets-roses.ch\/wp-content\/uploads\/2024\/07\/2007-LaRo-Archiv16072024.pdf\">2007<\/a><\/td><td><a href=\"https:\/\/lacets-roses.ch\/wp-content\/uploads\/2024\/07\/2008-LaRo-Archiv16072024.pdf\">2008<\/a><\/td><td><a href=\"https:\/\/lacets-roses.ch\/wp-content\/uploads\/2024\/07\/2009-LaRo-Archiv16072024.pdf\">2009<\/a><\/td><td><a href=\"https:\/\/lacets-roses.ch\/wp-content\/uploads\/2024\/07\/2010-LaRo-Archiv16072024.pdf\">2010<\/a><\/td><\/tr><tr><td><a href=\"https:\/\/lacets-roses.ch\/wp-content\/uploads\/2024\/07\/2011-LaRo-Archiv16072024.pdf\">2011<\/a><\/td><td><a href=\"https:\/\/lacets-roses.ch\/wp-content\/uploads\/2024\/07\/2012-LaRo-Archiv16072024.pdf\">2012 <\/a>+<a href=\"https:\/\/lacets-roses.ch\/wp-content\/uploads\/2024\/07\/2012_Reisefuehrer_Sorrento.pdf\">Sorrento<\/a><\/td><td><a href=\"https:\/\/lacets-roses.ch\/wp-content\/uploads\/2024\/07\/2013-LaRo-Archiv16072024.pdf\">2013<\/a><\/td><td><a href=\"https:\/\/lacets-roses.ch\/wp-content\/uploads\/2024\/07\/2014-LaRo-Archiv16072024.pdf\">2014<\/a><\/td><td><a href=\"https:\/\/lacets-roses.ch\/wp-content\/uploads\/2024\/07\/2015-LaRo-Archiv16072024.pdf\">2015<\/a><\/td><\/tr><tr><td><a href=\"https:\/\/lacets-roses.ch\/wp-content\/uploads\/2024\/07\/2016-LaRo-Archiv16072024.pdf\">2016<\/a><\/td><td><a href=\"https:\/\/lacets-roses.ch\/wp-content\/uploads\/2024\/07\/2017-LaRo-Archiv16072024.pdf\">2017<\/a><\/td><td><a href=\"https:\/\/lacets-roses.ch\/wp-content\/uploads\/2024\/07\/2018-LaRo-Archiv16072024.pdf\">2018<\/a><\/td><td><a href=\"https:\/\/lacets-roses.ch\/wp-content\/uploads\/2024\/07\/2019-LaRo-Archiv16072024.pdf\">2019<\/a><\/td><td><a href=\"https:\/\/lacets-roses.ch\/wp-content\/uploads\/2024\/07\/2020-LaRo-Archiv16072024.pdf\">2020<\/a><\/td><\/tr><tr><td><a href=\"https:\/\/lacets-roses.ch\/wp-content\/uploads\/2024\/07\/2021-LaRo-Archiv16072024.pdf\">2021<\/a><\/td><td><a href=\"https:\/\/lacets-roses.ch\/wp-content\/uploads\/2024\/07\/2022-LaRo-Archiv16072024.pdf\">2022<\/a><\/td><td><a href=\"https:\/\/lacets-roses.ch\/wp-content\/uploads\/2024\/08\/2023_LaRo-Wanderungen-regulaer.pdf\">2023 regul\u00e4r<\/a><\/td><td><a href=\"https:\/\/lacets-roses.ch\/wp-content\/uploads\/2024\/08\/2023_LaRo-Spontanwanderungen.pdf\">2023 spontan<\/a><\/td><td><\/td><\/tr><\/tbody><\/table><figcaption class=\"wp-element-caption\">Archivierte Dokumente des Postversands, nach Jahrgang (a = A4 \/ b = A5-Format)<\/figcaption><\/figure>\n\n\n\n<figure class=\"wp-block-table\"><table><thead><tr><th>Thema <\/th><th>Status<\/th><\/tr><\/thead><tbody><tr><td>Auflistung der <a href=\"https:\/\/lacets-roses.ch\/?page_id=303\">Silvester-\/Neujahrslager<\/a><\/td><td>Wird laufend erg\u00e4nzt<\/td><\/tr><\/tbody><\/table><figcaption class=\"wp-element-caption\">Archiv seit der Umstellung auf elektronische Infos<\/figcaption><\/figure>\n\n\n\n<p><strong>Wer weitere Unterlagen oder Bilder von fr\u00fcheren Wanderungen hat, ist gebeten, diese zu scannen oder zu fotografieren und an <a href=\"mailto:info@lacets-roses.ch\">info@lacets-roses.ch<\/a> zu schicken. Besten Dank f\u00fcr deine Mithilfe!<\/strong><\/p>\n","protected":false},"excerpt":{"rendered":"<p>Seit der allerersten Wanderung und Gr\u00fcndung von Les Lacets Roses am 26. Mai 1991 hat Heinz Rubin bis 2022 alle Wanderprogramme, Weekends, Reisen und sonst relevanten Dokumente gesammelt und fein s\u00e4uberlich nach Jahrg\u00e4ngen abgelegt. Dieser unermessliche Schatz an Informationen steht nun auch in digitaler Form allen Interessierten zur Verf\u00fcgung. Wer immer dieses Material auswerten m\u00f6chte [&hellip;]<\/p>\n","protected":false},"author":1,"featured_media":0,"parent":0,"menu_order":0,"comment_status":"closed","ping_status":"closed","template":"","meta":{"footnotes":""},"class_list":["post-13","page","type-page","status-publish","hentry"],"_links":{"self":[{"href":"https:\/\/lacets-roses.ch\/index.php?rest_route=\/wp\/v2\/pages\/13","targetHints":{"allow":["GET"]}}],"collection":[{"href":"https:\/\/lacets-roses.ch\/index.php?rest_route=\/wp\/v2\/pages"}],"about":[{"href":"https:\/\/lacets-roses.ch\/index.php?rest_route=\/wp\/v2\/types\/page"}],"author":[{"embeddable":true,"href":"https:\/\/lacets-roses.ch\/index.php?rest_route=\/wp\/v2\/users\/1"}],"replies":[{"embeddable":true,"href":"https:\/\/lacets-roses.ch\/index.php?rest_route=%2Fwp%2Fv2%2Fcomments&post=13"}],"version-history":[{"count":23,"href":"https:\/\/lacets-roses.ch\/index.php?rest_route=\/wp\/v2\/pages\/13\/revisions"}],"predecessor-version":[{"id":916,"href":"https:\/\/lacets-roses.ch\/index.php?rest_route=\/wp\/v2\/pages\/13\/revisions\/916"}],"wp:attachment":[{"href":"https:\/\/lacets-roses.ch\/index.php?rest_route=%2Fwp%2Fv2%2Fmedia&parent=13"}],"curies":[{"name":"wp","href":"https:\/\/api.w.org\/{rel}","templated":true}]}}