{"id":121,"date":"2022-07-19T20:01:51","date_gmt":"2022-07-19T19:01:51","guid":{"rendered":"https:\/\/lacets-roses.ch\/?page_id=121"},"modified":"2026-04-24T20:00:14","modified_gmt":"2026-04-24T19:00:14","slug":"spontanwanderungen","status":"publish","type":"page","link":"https:\/\/lacets-roses.ch\/?page_id=121","title":{"rendered":"Spontanwanderungen"},"content":{"rendered":"\n<p>Jetzt wieder aktuell &#8211;&gt; <strong>Falls du keine Spontanwanderung verpassen m\u00f6chtest, schreibst du dich am besten ein bei <a href=\"mailto:spontan@lacets-roses.ch\" target=\"_blank\" rel=\"noreferrer noopener\">spontan@lacets-roses.ch<\/a> <\/strong>(Achtung: An &#8230;@<strong>hotmail <\/strong>Adressen k\u00f6nnen wir m\u00f6glicherweise keine Mails zustellen &#8211; Microsoft hat uns nach Amtsantritt von Trump blockiert!)<\/p>\n\n\n\n<figure class=\"wp-block-table aligncenter is-style-regular\"><table><tbody><tr><td><strong>Datum<\/strong><\/td><td><strong>Ort\/Ziel<\/strong><\/td><td><strong>Typ<\/strong><\/td><td><strong>Treffpunkt <\/strong><\/td><td><strong>Beschreibung<\/strong><\/td><\/tr><tr><td>02.05.26<\/td><td>Trub &#8211; Napf &#8211; Trubschachen<\/td><td>Sportliche Bergwanderung<\/td><td>09:30 h Trub Schulhaus Fankhaus<\/td><td><a href=\"https:\/\/lacets-roses.ch\/wp-content\/uploads\/2026\/04\/20260502_LaRo_Trubschachen-Napf_rh.pdf\">pdf <\/a>Achtung, mit Anmeldung bei Rolf Hotz!<\/td><\/tr><\/tbody><\/table><figcaption class=\"wp-element-caption\">Spontanwanderungen werden wenige Tage vor Durchf\u00fchrung publiziert.<\/figcaption><\/figure>\n\n\n\n<p><strong><mark style=\"background-color:rgba(0, 0, 0, 0)\" class=\"has-inline-color has-vivid-purple-color\">Hast du auch unter Woche Zeit und Lust mit schwulen Kollegen wandernd neue Gegenden zu erkunden? Bist du zudem so flexibel, dass 2-4 Tage Ank\u00fcndigung im Voraus gen\u00fcgen? Dann ist dieses Angebot von Lacets Roses genau das Richtige f\u00fcr dich!<\/mark><\/strong><\/p>\n\n\n\n<p><strong><em>Was unternehmen wir? <\/em>Wanderungen von 2 \u2013 5 Stunden, im Winter eher in sonnseitigen tieferen Lagen, im Sommer auch mal in den Bergen oder in k\u00fchlen Schluchten. Denkbar sind auch Schneeschuh- und Velotouren, ein Lager in einem Berghaus oder mehrt\u00e4gige Wanderungen mit \u00dcbernachtung unterwegs.<\/strong><\/p>\n\n\n\n<p><strong><em>Warum so kurzfristig?<\/em> Die Wanderungen sollen bei m\u00f6glichst sch\u00f6nem Wetter stattfinden. Es wird der Wochentag oder die Landesgegend ausgew\u00e4hlt, wo wir das beste Wetter erwarten.<\/strong><\/p>\n\n\n\n<p><strong><em>An welchen Wochentagen?<\/em> Da m\u00f6chten wir uns nicht festlegen.<\/strong><\/p>\n\n\n\n<p><strong><em>Schwierigkeitsgrad?<\/em> Siehe Ausschreibung.<\/strong><\/p>\n\n\n\n<p><strong><em>Leitung?<\/em> V<strong>erteilt auf mehrere K\u00f6pfe<\/strong> (jeder kann sich melden). Koordination durch Urs M\u00fchlethaler.  Hast du eine Idee f\u00fcr eine Spontanwanderung, so schreibe am besten an <a href=\"mailto:spontan@lacets-roses.ch\">spontan@lacets-roses.ch<\/a> .<\/strong><\/p>\n\n\n\n<p><strong><em>Kosten<\/em>? Die Wanderungen sind weiterhin gratis. <\/strong><\/p>\n\n\n\n<p><strong><em>Wo geht es hin?<\/em> Lass dich \u00fcberraschen! Im Ideenk\u00f6cher sind folgende Gegenden:<\/strong><\/p>\n\n\n\n<ul class=\"wp-block-list\">\n<li><strong>Jura: Von der Romandie bis nach Schaffhausen<\/strong><\/li>\n\n\n\n<li><strong>Dreiseenland<\/strong><\/li>\n\n\n\n<li><strong>Berner und Freiburger Alpen, Thuner- und Brienzersee<\/strong><\/li>\n\n\n\n<li><strong>Rund um den Vierwaldst\u00e4ttersee<\/strong><\/li>\n\n\n\n<li><strong>Wallis<\/strong><\/li>\n\n\n\n<li><strong>Walensee und das Rheintal<\/strong><\/li>\n\n\n\n<li><strong>Tessin und angrenzendes Piemont<\/strong><\/li>\n<\/ul>\n","protected":false},"excerpt":{"rendered":"<p>Jetzt wieder aktuell &#8211;&gt; Falls du keine Spontanwanderung verpassen m\u00f6chtest, schreibst du dich am besten ein bei spontan@lacets-roses.ch (Achtung: An &#8230;@hotmail Adressen k\u00f6nnen wir m\u00f6glicherweise keine Mails zustellen &#8211; Microsoft hat uns nach Amtsantritt von Trump blockiert!) Datum Ort\/Ziel Typ Treffpunkt Beschreibung 02.05.26 Trub &#8211; Napf &#8211; Trubschachen Sportliche Bergwanderung 09:30 h Trub Schulhaus Fankhaus [&hellip;]<\/p>\n","protected":false},"author":1,"featured_media":0,"parent":0,"menu_order":0,"comment_status":"closed","ping_status":"closed","template":"","meta":{"footnotes":""},"class_list":["post-121","page","type-page","status-publish","hentry"],"_links":{"self":[{"href":"https:\/\/lacets-roses.ch\/index.php?rest_route=\/wp\/v2\/pages\/121","targetHints":{"allow":["GET"]}}],"collection":[{"href":"https:\/\/lacets-roses.ch\/index.php?rest_route=\/wp\/v2\/pages"}],"about":[{"href":"https:\/\/lacets-roses.ch\/index.php?rest_route=\/wp\/v2\/types\/page"}],"author":[{"embeddable":true,"href":"https:\/\/lacets-roses.ch\/index.php?rest_route=\/wp\/v2\/users\/1"}],"replies":[{"embeddable":true,"href":"https:\/\/lacets-roses.ch\/index.php?rest_route=%2Fwp%2Fv2%2Fcomments&post=121"}],"version-history":[{"count":103,"href":"https:\/\/lacets-roses.ch\/index.php?rest_route=\/wp\/v2\/pages\/121\/revisions"}],"predecessor-version":[{"id":1380,"href":"https:\/\/lacets-roses.ch\/index.php?rest_route=\/wp\/v2\/pages\/121\/revisions\/1380"}],"wp:attachment":[{"href":"https:\/\/lacets-roses.ch\/index.php?rest_route=%2Fwp%2Fv2%2Fmedia&parent=121"}],"curies":[{"name":"wp","href":"https:\/\/api.w.org\/{rel}","templated":true}]}}